0 = -k*c - 4*c + 16. Calculate the highest common divisor of c and 28.
4
Let b(u) = -u**3 - 9*u**2 - 13*u - 2. Let h be b(-8). What is the greatest common factor of h and 95?
19
Let f = 58 - 26. Calculate the greatest common divisor of f and 48.
16
Let w(d) = 78*d + 3. Let b be w(-2). Let s = b - -270. Calculate the greatest common divisor of s and 13.
13
Suppose -p = -91 - 23. Suppose -4*u + 138 = -p. Suppose -5*h - 13 = -58. What is the greatest common divisor of h and u?
9
Suppose n - 2*b = 30, -3*n + 6*n - 111 = -b. What is the highest common divisor of 60 and n?
12
Suppose 0 + 3 = i. Suppose i - 23 = -5*g. Suppose 2*o - 5*o - 4*s + 23 = 0, 0 = o - g*s - 13. What is the highest common divisor of 3 and o?
3
Suppose -4*d + 31 = -5. Calculate the highest common factor of d and 72.
9
Let t = -7 - -18. What is the highest common factor of 11 and t?
11
Suppose 3*y + 8 = 7*y. Suppose -5*v + 7 = -3*s - 16, 13 = y*v - 5*s. Calculate the greatest common factor of v and 4.
4
Let s = 58 + -10. Let y be (-6)/21 + 88/14. Calculate the highest common factor of s and y.
6
Let c = 62 - 53. Calculate the greatest common divisor of c and 36.
9
Suppose -b - 3 = -15. Suppose -84 = -27*g + 20*g. Calculate the highest common divisor of g and b.
12
Let c be 2/(-3) + 24/9. Suppose -2*j = -6, c*j - 7*j = 4*i - 111. What is the greatest common factor of i and 192?
24
Let c = -18 + 33. What is the greatest common factor of c and 15?
15
Let q(m) = -m**3 + m + 3. Let v be q(0). Let h = -1 + v. Let t(c) = c + 1. Let b be t(0). What is the highest common factor of b and h?
1
Let w(p) = 3*p**2 + 16*p + 1. Let c(i) = 2*i**2 + 8*i + 1. Let v(s) = 7*c(s) - 4*w(s). Let b be v(6). What is the highest common divisor of 189 and b?
27
Let x = 15 - 8. Suppose -3*s + 4*d = -0*s - 17, -4*d = s - 11. What is the greatest common divisor of s and x?
7
Suppose 3*n = 3*c - 489, -23*c = -20*c + 4*n - 475. Let b be 46/8*(4 + 0). Calculate the highest common factor of b and c.
23
Suppose 5*o - 2 = 18. Suppose g - 14 - 15 = -5*t, -5*g + 124 = o*t. What is the highest common divisor of 6 and g?
6
Let m(z) = z**2 - z - 2. Let j be m(3). Let x be 88/33*33/j. What is the highest common factor of 55 and x?
11
Let u = 2 - 2. Suppose u = -5*b - 0*b + 25. Let s be 276/14 + 4/14. Calculate the greatest common factor of s and b.
5
Let u be (1 - 2) + (6 + -2 - -12). Calculate the greatest common factor of u and 30.
15
Let u be 2 - 4 - 5*2. Let f = 29 + u. Suppose -2*m = -m + 2*c - 76, 4*m + 4*c = 288. What is the greatest common factor of f and m?
17
Let i(q) = 30*q + 238. Let u be i(-7). Let x be -2 + (-1 - (-15 + -2)). What is the greatest common divisor of u and x?
14
Let w be 22/(-1) + (2 - 1). Let v be (w/(-2))/(3/4). Suppose -5*f = i - 626, -i = 3*f + 27 - 401. Calculate the highest common divisor of v and f.
14
Let l(q) = -2*q**3 + 6*q**2 + 2*q - 6. Let a(y) = y**2 - 1. Let x(u) = -8*a(u) + l(u). Let w be x(-3). What is the highest common divisor of 16 and w?
16
Let f = 88 + -62. Calculate the greatest common divisor of 13 and f.
13
Let l(i) = i + 4. Let r be l(11). What is the highest common factor of r and 3?
3
Let f(k) = k**2 + 9*k - 2. Let m be f(4). Suppose 5*n = -m + 290. Calculate the highest common divisor of n and 24.
24
Let h(d) = -8*d**2 - d + 2*d**2 - 3*d**3 + 2*d**3 + 11 + 0*d**2. Let b be h(-8). Calculate the highest common divisor of 21 and b.
21
Suppose 0 = -3*a + b + 3 + 1, -a + 5*b = 8. What is the greatest common divisor of a and 12?
2
Let g(d) = -d**3 + 14*d**2 + 16*d - 5. Let c be g(15). Let y be (-1)/(2/(-4))*25. Calculate the greatest common divisor of c and y.
10
Let l = 59 + -38. Let w = 10 + 4. What is the highest common factor of w and l?
7
Let a(w) = 65*w**3 + 2*w - 1. Let i be a(1). Suppose -j - i = -4*j. Calculate the highest common divisor of 55 and j.
11
Let c(x) = -28*x**3 + x**2 + 3. Let h be c(-2). What is the highest common factor of 21 and h?
21
Suppose 3*q = -5*f - 6, -f + 6 = -4*f - 3*q. Suppose 0 = -f*j + 2*j - 26. Calculate the highest common divisor of j and 26.
13
Let b = -204 + 334. Let r be (-10 + -3)*3/(-3). What is the greatest common divisor of r and b?
13
Let t(w) = w + 8. Let s be t(4). What is the highest common divisor of s and 12?
12
Let a = 12 + 23. What is the greatest common divisor of 315 and a?
35
Suppose -20 = -3*k + k. Calculate the greatest common divisor of k and 270.
10
Let m be 1/(-1 + 9/12). Let a(p) = p**3 + 8*p**2 - 4. Let i be a(m). Suppose -4*b = -i - 4. Calculate the greatest common divisor of b and 4.
4
Let c = 140 + -80. Suppose 3*p = n + 53, 0*p = -4*p + 4*n + 76. Suppose -4*h - p + 97 = 0. Calculate the highest common factor of h and c.
20
Let j be 1*4*(-5)/(-10). Let g be (0 - -3)/(j/(-4)). Let r = g + 12. What is the greatest common divisor of r and 4?
2
Let t be (-2*410)/(-4) - -3*1. Calculate the greatest common divisor of 26 and t.
26
Let r(t) = t + 4. Let j be r(-5). Let c = j - 0. Let g be c/(1 - (-6)/(-5)). What is the greatest common factor of g and 20?
5
Let z be (0 - -4)*13 - 2. What is the greatest common divisor of 10 and z?
10
Let n = 40 - 28. Let d(j) = j**3 + 4*j**2 - 3. Let k be d(-3). Suppose -2*x + n = -0*x + 3*z, -5*z + k = x. What is the highest common factor of 2 and x?
2
Let a(s) = s**2 - 3*s + 6. Suppose -4*b + 21 = -7. Let g be a(b). Calculate the highest common divisor of g and 17.
17
Suppose 211*v - 212*v = -28. Calculate the highest common divisor of 84 and v.
28
Suppose 135 = -0*j + 3*j. Calculate the highest common divisor of j and 18.
9
Suppose -6 - 2 = 2*l. Let b be 1 + (-2)/(l - -3). Let j(i) = i**3 - 2*i**2 - 3*i + 2. Let q be j(b). Calculate the greatest common factor of 10 and q.
2
Let i(c) = c**2 + 10*c + 5. Let s be i(-10). Let z(g) = g**3 - 4*g**2 - g - 2. Let j be z(s). What is the highest common divisor of 54 and j?
18
Let v be ((-8)/(-6) + -2)*1*-15. What is the highest common factor of v and 2?
2
Let a be (-4)/12 - 38/(-6). Suppose -n + 3*r - 46 = -a*n, -2*n = 2*r - 16. Calculate the greatest common divisor of 88 and n.
11
Suppose 123 = 5*z + 103. What is the highest common divisor of 124 and z?
4
Let b(w) = w**3 - 2*w**2 - 6*w + 2. Let d be b(4). Suppose -2*p + 35 = -i, 5*i = -3*p - 2*p + 50. Let c = p - d. What is the greatest common factor of c and 25?
5
Suppose 0 = 4*a + 2*q - 97 + 31, -5*a + 4*q = -50. Let y(d) = -8*d**3 - 2*d**2. Let b be y(-2). What is the highest common factor of a and b?
14
Suppose 2*r - 11 = 1. Suppose -156 = -r*u + 3*u. Suppose -3*o + 2 = -37. Calculate the greatest common factor of u and o.
13
Let c(j) = 5*j - 7. Let x be c(3). What is the highest common divisor of x and 24?
8
Let b be ((-2)/(-6))/(2/24). Suppose 2*x = -o - x - 9, -3*o + b*x = 14. Let c be (-2)/4 - 81/o. Calculate the greatest common divisor of 117 and c.
13
Let c(w) = -11*w + 6. Let b be c(-6). Calculate the greatest common factor of 9 and b.
9
Suppose 0*d = -4*g - 4*d + 624, -2*g = -3*d - 332. Calculate the highest common factor of g and 32.
32
Suppose 0 = -5*d + 3*d - 14. Let q = d + 19. What is the greatest common factor of 132 and q?
12
Let c(o) = 8*o + 14. Let b(s) = 7*s + 13. Let z(f) = 6*b(f) - 5*c(f). Let h be z(7). What is the highest common divisor of h and 33?
11
Let s(x) = x**3 + 4 - 2*x**2 - x**2 - 2*x**3. Let y be s(-5). Calculate the highest common factor of 6 and y.
6
Let o = 95 + -85. Calculate the greatest common divisor of 30 and o.
10
Suppose z + 0*o + 308 = 3*o, 0 = -4*z - 4*o - 1168. Let m = 458 + z. Let h(l) = -l + 18. Let s be h(0). Calculate the highest common factor of s and m.
18
Let c be 10/(-15)*(-5 + 2). Let l(n) = 4*n**3 - 3*n**2 - 4*n + 3. Let y be l(3). Suppose -c*m + y = 2*m. What is the highest common factor of m and 12?
6
Let m be (6/(-9))/((-4)/(-6)). Let i(g) = 12*g**2 + 2*g + 1. Let x be i(m). Let w(v) = 2*v - 7. Let k be w(4). Calculate the greatest common divisor of k and x.
1
Let a(s) = -7*s + 7. Let i be a(-7). Let y be ((-216)/(-84))/(6/i). Calculate the greatest common divisor of y and 60.
12
Suppose 3*p + 5 = p + 3*x, -4*p + 4*x = 16. Let d = p + 11. Suppose 26 = -d*o + 154. What is the highest common divisor of 8 and o?
8
Let r(x) = 50*x. Let a be r(1). Suppose -52 = -4*f - 2*d, -8*f + a = -3*f - 5*d. What is the greatest common fact